{"id":6921,"date":"2024-03-08T07:32:47","date_gmt":"2024-03-08T11:32:47","guid":{"rendered":"https:\/\/saintjohnpolice.ca\/media-release\/canada-wide-warrant-devlin-oblenis-33\/"},"modified":"2024-03-25T13:45:15","modified_gmt":"2024-03-25T16:45:15","slug":"canada-wide-warrant-devlin-oblenis-33","status":"publish","type":"media-release","link":"https:\/\/sjpf.certtechweb.com\/fr\/media-release\/canada-wide-warrant-devlin-oblenis-33\/","title":{"rendered":"(Arr\u00eat\u00e9) Mandat pancanadien"},"content":{"rendered":"\n<p>[photo enlev\u00e9e]<\/p>\n\n\n\n<p><strong>Mise \u00e0 jour : 25 mars 2024, 13h20<\/strong><\/p>\n\n\n\n<p><strong>Le jeudi 21 mars 2024, l&rsquo;accus\u00e9 a \u00e9t\u00e9 arr\u00eat\u00e9 \u00e0 Moncton et demeure en d\u00e9tention.<\/strong><\/p>\n\n\n\n<p><strong>La police de Saint John tient \u00e0 remercier le public de son aide.<\/strong><\/p>\n\n\n\n<p><strong>&#8230;&#8230;&#8230;&#8230;&#8230;&#8230;&#8230;&#8230;&#8230;&#8230;&#8230;&#8230;&#8230;&#8230;&#8230;&#8230;&#8230;&#8230;&#8230;&#8230;&#8230;&#8230;&#8230;&#8230;&#8230;&#8230;.<\/strong><\/p>\n\n\n\n<p>Dossier: 24-1585<\/p>\n\n\n\n<p>La police de Saint John demande l&rsquo;aide du public pour localiser Devlin O&rsquo;Blenis, qui est recherch\u00e9 en vertu d&rsquo;un mandat pancanadien.<\/p>\n\n\n\n<p>On rapporte que:<\/p>\n\n\n\n<p>Le 7 mars 2024, un mandat a \u00e9t\u00e9 \u00e9mis pour violation des conditions de lib\u00e9ration d&rsquo;office. O&rsquo;Blenis a \u00e9t\u00e9 lib\u00e9r\u00e9 d&rsquo;un \u00e9tablissement au Qu\u00e9bec. Il ne s&rsquo;est pas pr\u00e9sent\u00e9 \u00e0 un centre correctionnel communautaire \u00e0 Saint John le 6 mars 2024. Son dernier lieu de r\u00e9sidence connu serait Moncton, au Nouveau-Brunswick, le 6 mars 2024.<\/p>\n\n\n\n<p>O&rsquo;Blenis est d\u00e9crit comme un homme de 6 pi 0 po, 190 lb, aux cheveux bruns et aux yeux bleus. Voici quelques-uns de ses tatouages<\/p>\n\n\n\n<p>-Bras gauche: t\u00eate de mort, cimeti\u00e8re et mains de pri\u00e8re<\/p>\n\n\n\n<p>-Bras droit: t\u00eate de mort<\/p>\n\n\n\n<p>-Avant-bras droit: t\u00eate de mort<\/p>\n\n\n\n<p>L&rsquo;homme de 33 ans purge une peine de 4 ans, 6 mois et 19 jours pour avoir d\u00e9charg\u00e9 avec intention une arme \u00e0 feu \u00e0 autorisation restreinte\/interdite et pour avoir poss\u00e9d\u00e9 une arme contrairement \u00e0 une ordonnance d&rsquo;interdiction.<\/p>\n\n\n\n<p>La police recommande au public de ne pas s&rsquo;approcher du suspect. Toute personne ayant des renseignements \u00e0 cet \u00e9gard est pri\u00e9e de communiquer avec la police de Saint John au 1-506-648-3333 ou, si elle souhaite garder l&rsquo;anonymat, avec \u00c9chec au crime au 1-800-222-8477 ou au 1-800-222-T.I.P.S.<\/p>\n","protected":false},"author":3,"featured_media":0,"template":"","media-category":[],"class_list":["post-6921","media-release","type-media-release","status-publish","hentry"],"publishpress_future_action":{"enabled":false,"date":"2026-05-05 07:54:12","action":"change-status","newStatus":"draft","terms":[],"taxonomy":"media-category","extraData":[]},"publishpress_future_workflow_manual_trigger":{"enabledWorkflows":[]},"_links":{"self":[{"href":"https:\/\/sjpf.certtechweb.com\/fr\/wp-json\/wp\/v2\/media-release\/6921","targetHints":{"allow":["GET"]}}],"collection":[{"href":"https:\/\/sjpf.certtechweb.com\/fr\/wp-json\/wp\/v2\/media-release"}],"about":[{"href":"https:\/\/sjpf.certtechweb.com\/fr\/wp-json\/wp\/v2\/types\/media-release"}],"author":[{"embeddable":true,"href":"https:\/\/sjpf.certtechweb.com\/fr\/wp-json\/wp\/v2\/users\/3"}],"wp:attachment":[{"href":"https:\/\/sjpf.certtechweb.com\/fr\/wp-json\/wp\/v2\/media?parent=6921"}],"wp:term":[{"taxonomy":"media-category","embeddable":true,"href":"https:\/\/sjpf.certtechweb.com\/fr\/wp-json\/wp\/v2\/media-category?post=6921"}],"curies":[{"name":"wp","href":"https:\/\/api.w.org\/{rel}","templated":true}]}}

(Arrêté) Mandat pancanadien

<p>[photo enlevée]</p>



<p><strong>Mise à jour : 25 mars 2024, 13h20</strong></p>



<p><strong>Le jeudi 21 mars 2024, l&rsquo;accusé a été arrêté à Moncton et demeure en détention.</strong></p>



<p><strong>La police de Saint John tient à remercier le public de son aide.</strong></p>



<p><strong>&#8230;&#8230;&#8230;&#8230;&#8230;&#8230;&#8230;&#8230;&#8230;&#8230;&#8230;&#8230;&#8230;&#8230;&#8230;&#8230;&#8230;&#8230;&#8230;&#8230;&#8230;&#8230;&#8230;&#8230;&#8230;&#8230;.</strong></p>



<p>Dossier: 24-1585</p>



<p>La police de Saint John demande l&rsquo;aide du public pour localiser Devlin O&rsquo;Blenis, qui est recherché en vertu d&rsquo;un mandat pancanadien.</p>



<p>On rapporte que:</p>



<p>Le 7 mars 2024, un mandat a été émis pour violation des conditions de libération d&rsquo;office. O&rsquo;Blenis a été libéré d&rsquo;un établissement au Québec. Il ne s&rsquo;est pas présenté à un centre correctionnel communautaire à Saint John le 6 mars 2024. Son dernier lieu de résidence connu serait Moncton, au Nouveau-Brunswick, le 6 mars 2024.</p>



<p>O&rsquo;Blenis est décrit comme un homme de 6 pi 0 po, 190 lb, aux cheveux bruns et aux yeux bleus. Voici quelques-uns de ses tatouages</p>



<p>-Bras gauche: tête de mort, cimetière et mains de prière</p>



<p>-Bras droit: tête de mort</p>



<p>-Avant-bras droit: tête de mort</p>



<p>L&rsquo;homme de 33 ans purge une peine de 4 ans, 6 mois et 19 jours pour avoir déchargé avec intention une arme à feu à autorisation restreinte/interdite et pour avoir possédé une arme contrairement à une ordonnance d&rsquo;interdiction.</p>



<p>La police recommande au public de ne pas s&rsquo;approcher du suspect. Toute personne ayant des renseignements à cet égard est priée de communiquer avec la police de Saint John au 1-506-648-3333 ou, si elle souhaite garder l&rsquo;anonymat, avec Échec au crime au 1-800-222-8477 ou au 1-800-222-T.I.P.S.</p>
