{"id":6749,"date":"2024-02-14T09:24:56","date_gmt":"2024-02-14T13:24:56","guid":{"rendered":"https:\/\/saintjohnpolice.ca\/media-release\/saint-john-police-inclusion-and-diversity-recruitment-camp-may-23-2024\/"},"modified":"2024-02-14T09:31:59","modified_gmt":"2024-02-14T13:31:59","slug":"saint-john-police-inclusion-and-diversity-recruitment-camp-may-23-2024","status":"publish","type":"media-release","link":"https:\/\/sjpf.certtechweb.com\/fr\/media-release\/saint-john-police-inclusion-and-diversity-recruitment-camp-may-23-2024\/","title":{"rendered":"Camp de recrutement pour l\u2019inclusion et la diversit\u00e9 de la Force polici\u00e8re de Saint John &#8211; 23 mai 2024"},"content":{"rendered":"\n<figure class=\"wp-block-image aligncenter size-medium is-resized\"><img fetchpriority=\"high\" decoding=\"async\" width=\"300\" height=\"292\" src=\"https:\/\/sjpf.certtechweb.com\/wp-content\/uploads\/2024\/02\/Inclusion-and-Recruitment-Camp-Graphic-FR-300x292.png\" alt=\"\" class=\"wp-image-6751\" style=\"width:200px\" srcset=\"https:\/\/sjpf.certtechweb.com\/wp-content\/uploads\/2024\/02\/Inclusion-and-Recruitment-Camp-Graphic-FR-300x292.png 300w, https:\/\/sjpf.certtechweb.com\/wp-content\/uploads\/2024\/02\/Inclusion-and-Recruitment-Camp-Graphic-FR-768x748.png 768w, https:\/\/sjpf.certtechweb.com\/wp-content\/uploads\/2024\/02\/Inclusion-and-Recruitment-Camp-Graphic-FR.png 809w\" sizes=\"(max-width: 300px) 100vw, 300px\" \/><figcaption class=\"wp-element-caption\"><strong><em>\u00ab&nbsp;La diff\u00e9rence entre ce que vous \u00eates aujourd\u2019hui et une personne qui fait la diff\u00e9rence n\u2019est s\u00e9par\u00e9e que par l\u2019inconnu.&nbsp;\u00bb<\/em><\/strong><\/figcaption><\/figure>\n\n\n\n<p>La Force polici\u00e8re de Saint John est fi\u00e8re d\u2019annoncer le lancement de son premier camp de recrutement pour l\u2019inclusion et la diversit\u00e9, une initiative novatrice visant \u00e0 offrir aux membres sous-repr\u00e9sent\u00e9s de la communaut\u00e9, tels que les femmes et les minorit\u00e9s visibles, une occasion inspirante d\u2019explorer une carri\u00e8re dans la police.<\/p>\n\n\n\n<p>Le camp de recrutement, qui aura lieu le jeudi 23&nbsp;mai&nbsp;2024, de 8&nbsp;h \u00e0 17&nbsp;h, au quartier g\u00e9n\u00e9ral de la Force polici\u00e8re de Saint John, offrira aux participants un aper\u00e7u unique des nombreuses possibilit\u00e9s gratifiantes offertes au sein de la Force polici\u00e8re de Saint John.<\/p>\n\n\n\n<p>Gr\u00e2ce \u00e0 une s\u00e9rie de s\u00e9ances interactives et stimulantes, les participants auront l\u2019occasion d\u2019interagir avec les agents actuels, de se renseigner sur les divers r\u00f4les et responsabilit\u00e9s au sein de la Force polici\u00e8re de Saint John et d\u2019acqu\u00e9rir une exp\u00e9rience pratique des services de police.<\/p>\n\n\n\n<p>\u00ab&nbsp;Nous sommes ravis de lancer le camp de recrutement pour l\u2019inclusion et la diversit\u00e9 dans le cadre de notre engagement continu \u00e0 promouvoir un mod\u00e8le de prestation de services de police qui refl\u00e8te la diversit\u00e9 des communaut\u00e9s que nous servons&nbsp;\u00bb, a d\u00e9clar\u00e9 le chef Robert M.&nbsp;Bruce. \u00ab&nbsp;En offrant une plateforme inclusive aux personnes sous-repr\u00e9sent\u00e9es afin d\u2019explorer les carri\u00e8res polici\u00e8res, nous visons \u00e0 cr\u00e9er un service de police plus fort et plus repr\u00e9sentatif, capable de mieux r\u00e9pondre aux besoins de notre communaut\u00e9 diversifi\u00e9e&nbsp;\u00bb.<br><br>Pour plus d\u2019informations, y compris le programme du camp, et pour s\u2019inscrire, veuillez consulter le site: <a href=\"https:\/\/sjpf.certtechweb.com\/fr\/communaute\/engagement-communautaire\/inclusion-and-diversity-recruitment-camp\/\">Camp de recrutement sur l&rsquo;inclusion et la diversit\u00e9 | Saint John Police Force<\/a><\/p>\n","protected":false},"author":3,"featured_media":0,"template":"","media-category":[],"class_list":["post-6749","media-release","type-media-release","status-publish","hentry"],"publishpress_future_action":{"enabled":false,"date":"2026-05-08 04:57:10","action":"change-status","newStatus":"draft","terms":[],"taxonomy":"media-category","extraData":[]},"publishpress_future_workflow_manual_trigger":{"enabledWorkflows":[]},"_links":{"self":[{"href":"https:\/\/sjpf.certtechweb.com\/fr\/wp-json\/wp\/v2\/media-release\/6749","targetHints":{"allow":["GET"]}}],"collection":[{"href":"https:\/\/sjpf.certtechweb.com\/fr\/wp-json\/wp\/v2\/media-release"}],"about":[{"href":"https:\/\/sjpf.certtechweb.com\/fr\/wp-json\/wp\/v2\/types\/media-release"}],"author":[{"embeddable":true,"href":"https:\/\/sjpf.certtechweb.com\/fr\/wp-json\/wp\/v2\/users\/3"}],"wp:attachment":[{"href":"https:\/\/sjpf.certtechweb.com\/fr\/wp-json\/wp\/v2\/media?parent=6749"}],"wp:term":[{"taxonomy":"media-category","embeddable":true,"href":"https:\/\/sjpf.certtechweb.com\/fr\/wp-json\/wp\/v2\/media-category?post=6749"}],"curies":[{"name":"wp","href":"https:\/\/api.w.org\/{rel}","templated":true}]}}

Camp de recrutement pour l’inclusion et la diversité de la Force policière de Saint John &#8211; 23 mai 2024

<figure class="wp-block-image aligncenter size-medium is-resized"><img fetchpriority="high" decoding="async" width="300" height="292" src="https://sjpf.certtechweb.com/wp-content/uploads/2024/02/Inclusion-and-Recruitment-Camp-Graphic-FR-300x292.png" alt="" class="wp-image-6751" style="width:200px" srcset="https://sjpf.certtechweb.com/wp-content/uploads/2024/02/Inclusion-and-Recruitment-Camp-Graphic-FR-300x292.png 300w, https://sjpf.certtechweb.com/wp-content/uploads/2024/02/Inclusion-and-Recruitment-Camp-Graphic-FR-768x748.png 768w, https://sjpf.certtechweb.com/wp-content/uploads/2024/02/Inclusion-and-Recruitment-Camp-Graphic-FR.png 809w" sizes="(max-width: 300px) 100vw, 300px" /><figcaption class="wp-element-caption"><strong><em>«&nbsp;La différence entre ce que vous êtes aujourd’hui et une personne qui fait la différence n’est séparée que par l’inconnu.&nbsp;»</em></strong></figcaption></figure>



<p>La Force policière de Saint John est fière d’annoncer le lancement de son premier camp de recrutement pour l’inclusion et la diversité, une initiative novatrice visant à offrir aux membres sous-représentés de la communauté, tels que les femmes et les minorités visibles, une occasion inspirante d’explorer une carrière dans la police.</p>



<p>Le camp de recrutement, qui aura lieu le jeudi 23&nbsp;mai&nbsp;2024, de 8&nbsp;h à 17&nbsp;h, au quartier général de la Force policière de Saint John, offrira aux participants un aperçu unique des nombreuses possibilités gratifiantes offertes au sein de la Force policière de Saint John.</p>



<p>Grâce à une série de séances interactives et stimulantes, les participants auront l’occasion d’interagir avec les agents actuels, de se renseigner sur les divers rôles et responsabilités au sein de la Force policière de Saint John et d’acquérir une expérience pratique des services de police.</p>



<p>«&nbsp;Nous sommes ravis de lancer le camp de recrutement pour l’inclusion et la diversité dans le cadre de notre engagement continu à promouvoir un modèle de prestation de services de police qui reflète la diversité des communautés que nous servons&nbsp;», a déclaré le chef Robert M.&nbsp;Bruce. «&nbsp;En offrant une plateforme inclusive aux personnes sous-représentées afin d’explorer les carrières policières, nous visons à créer un service de police plus fort et plus représentatif, capable de mieux répondre aux besoins de notre communauté diversifiée&nbsp;».<br><br>Pour plus d’informations, y compris le programme du camp, et pour s’inscrire, veuillez consulter le site: <a href="https://sjpf.certtechweb.com/fr/communaute/engagement-communautaire/inclusion-and-diversity-recruitment-camp/">Camp de recrutement sur l&rsquo;inclusion et la diversité | Saint John Police Force</a></p>
