{"id":6208,"date":"2023-12-07T13:01:37","date_gmt":"2023-12-07T17:01:37","guid":{"rendered":"https:\/\/saintjohnpolice.ca\/media-release\/report-of-armed-persons-alma-street\/"},"modified":"2023-12-11T15:30:29","modified_gmt":"2023-12-11T19:30:29","slug":"report-of-armed-persons-alma-street","status":"publish","type":"media-release","link":"https:\/\/sjpf.certtechweb.com\/fr\/media-release\/report-of-armed-persons-alma-street\/","title":{"rendered":"(MISE \u00c0 JOUR 3) Mandat de perquisition ex\u00e9cut\u00e9 &#8211; rue Alma Est"},"content":{"rendered":"\n<p><strong>Mise \u00e0 jour 3: 11 d\u00e9cembre 2023, 15 h 23<\/strong><\/p>\n\n\n\n<p><strong>Le jeudi 7 d\u00e9cembre 2023, vers 11 h 14, la police de Saint John a r\u00e9pondu \u00e0 un rapport selon lequel des personnes arm\u00e9es \u00e9taient entr\u00e9es dans une r\u00e9sidence du bloc 100 de la rue Alma, pr\u00e8s de l&rsquo;intersection de l&rsquo;avenue Park.<\/strong><\/p>\n\n\n\n<p><strong>Il a \u00e9t\u00e9 rapport\u00e9 que:<\/strong><\/p>\n\n\n\n<p><strong>Deux hommes auraient \u00e9t\u00e9 vus sortant d&rsquo;une BMW et entrant dans la r\u00e9sidence avec ce qui a \u00e9t\u00e9 d\u00e9crit comme un long fusil et une arme de poing.<\/strong><\/p>\n\n\n\n<p><strong>D&rsquo;apr\u00e8s les informations dont disposent les officiers, la s\u00e9curit\u00e9 des officiers et du public est menac\u00e9e.<\/strong><\/p>\n\n\n\n<p><strong>En cons\u00e9quence, la r\u00e9sidence a \u00e9t\u00e9 confin\u00e9e jusqu&rsquo;\u00e0 ce que les services tactiques d&rsquo;urgence et les n\u00e9gociateurs puissent faire sortir les occupants de la maison en toute s\u00e9curit\u00e9, en attendant un mandat de perquisition.<\/strong><\/p>\n\n\n\n<p><strong>Quatre personnes ont \u00e9t\u00e9 arr\u00eat\u00e9es pour possession d&rsquo;armes dans un but dangereux. Trois d&rsquo;entre elles ont \u00e9t\u00e9 rel\u00e2ch\u00e9es sans inculpation dans l&rsquo;attente d&rsquo;un compl\u00e9ment d&rsquo;enqu\u00eate. Un homme de 35 ans a \u00e9t\u00e9 plac\u00e9 en garde \u00e0 vue en vertu d&rsquo;un mandat d&rsquo;arr\u00eat non ex\u00e9cut\u00e9 pour d\u00e9faut de comparution, agression causant des l\u00e9sions corporelles et manquement aux conditions de la probation.<\/strong><\/p>\n\n\n\n<p><strong>Le vendredi 8 d\u00e9cembre 2023, l&rsquo;unit\u00e9 des crimes majeurs a ex\u00e9cut\u00e9 un mandat de perquisition dans la r\u00e9sidence. Au cours de la perquisition, trois armes de poing factices, un fusil factice et des munitions de calibre 22 ont \u00e9t\u00e9 saisis. L&rsquo;enqu\u00eate se poursuit.<\/strong><\/p>\n\n\n\n<p>&#8230;&#8230;&#8230;&#8230;&#8230;&#8230;&#8230;&#8230;&#8230;&#8230;&#8230;&#8230;&#8230;&#8230;&#8230;&#8230;&#8230;&#8230;&#8230;&#8230;&#8230;&#8230;&#8230;&#8230;.<\/p>\n\n\n\n<p>MISE \u00c0 JOUR: 2023-12-07 @ 15h 46<br><br>La police a arr\u00eat\u00e9 quatre personnes de la r\u00e9sidence pour des infractions li\u00e9es aux armes. Le secteur a \u00e9t\u00e9 jug\u00e9 s\u00e9curitaire.<\/p>\n\n\n\n<p>Les r\u00e9sidents des environs ne sont plus tenus de s&rsquo;abriter sur place. Toutes les rues sont d\u00e9sormais ouvertes \u00e0 la circulation.<\/p>\n\n\n\n<p>L&rsquo;unit\u00e9 des crimes majeurs poursuit son enqu\u00eate. D&rsquo;autres d\u00e9tails suivront.<\/p>\n\n\n\n<p>Toute personne ayant des renseignements est pri\u00e9e de communiquer avec la police au 506-648-3333.<\/p>\n\n\n\n<p>La police de Saint John tient \u00e0 remercier le public de sa patience et de sa coop\u00e9ration.<\/p>\n\n\n\n<p>&#8230;&#8230;&#8230;&#8230;&#8230;&#8230;&#8230;&#8230;&#8230;&#8230;&#8230;&#8230;&#8230;&#8230;&#8230;&#8230;&#8230;&#8230;&#8230;&#8230;&#8230;&#8230;&#8230;&#8230;&#8230;..<\/p>\n\n\n\n<p>MISE \u00c0 JOUR: 2023-12-07 @ 15h 04<\/p>\n\n\n\n<p>L&rsquo;op\u00e9ration polici\u00e8re est toujours en cours. Les membres des services tactiques d&rsquo;urgence et des services de patrouille ont r\u00e9ussi \u00e0 contenir la r\u00e9sidence. Les n\u00e9gociateurs communiquent avec les personnes \u00e0 l&rsquo;int\u00e9rieur de la r\u00e9sidence.<\/p>\n\n\n\n<p>Avenue Park est d\u00e9sormais ferm\u00e9e \u00e0 la circulation entre rue Bellevue et rue Beacon. Les r\u00e9sidents de cette zone sont pri\u00e9s de se mettre \u00e0 l&rsquo;abri.<\/p>\n\n\n\n<p>Veuillez \u00e9viter cette zone.<\/p>\n\n\n\n<p>&#8230;&#8230;&#8230;&#8230;&#8230;&#8230;&#8230;&#8230;&#8230;&#8230;&#8230;&#8230;&#8230;&#8230;.<\/p>\n\n\n\n<p>La police est sur place pour enqu\u00eater sur un rapport selon lequel des personnes arm\u00e9es sont entr\u00e9es dans une r\u00e9sidence dans le bloc 100 de la rue Alma, pr\u00e8s de l&rsquo;intersection de l&rsquo;avenue Park. Veuillez \u00e9viter la zone.<\/p>\n\n\n\n<p>La r\u00e9sidence a \u00e9t\u00e9 circonscrite par les officiers. Les habitants des environs sont pri\u00e9s de se mettre \u00e0 l&rsquo;abri.<\/p>\n\n\n\n<p>La situation ne r\u00e9pond pas aux crit\u00e8res d&rsquo;alerte pour le moment.<\/p>\n\n\n\n<p>D&rsquo;autres informations suivront.<\/p>\n\n\n\n<p>Toute personne ayant des renseignements \u00e0 cet \u00e9gard est pri\u00e9e de communiquer avec la police de Saint John au 1-506-648-3333 ou, si elle souhaite garder l&rsquo;anonymat, avec \u00c9chec au crime au 1-800-222-8477 ou au 1-800-222-T.I.P.S.<\/p>\n","protected":false},"author":3,"featured_media":0,"template":"","media-category":[],"class_list":["post-6208","media-release","type-media-release","status-publish","hentry"],"publishpress_future_action":{"enabled":false,"date":"2026-05-06 05:48:08","action":"change-status","newStatus":"draft","terms":[],"taxonomy":"media-category","extraData":[]},"publishpress_future_workflow_manual_trigger":{"enabledWorkflows":[]},"_links":{"self":[{"href":"https:\/\/sjpf.certtechweb.com\/fr\/wp-json\/wp\/v2\/media-release\/6208","targetHints":{"allow":["GET"]}}],"collection":[{"href":"https:\/\/sjpf.certtechweb.com\/fr\/wp-json\/wp\/v2\/media-release"}],"about":[{"href":"https:\/\/sjpf.certtechweb.com\/fr\/wp-json\/wp\/v2\/types\/media-release"}],"author":[{"embeddable":true,"href":"https:\/\/sjpf.certtechweb.com\/fr\/wp-json\/wp\/v2\/users\/3"}],"wp:attachment":[{"href":"https:\/\/sjpf.certtechweb.com\/fr\/wp-json\/wp\/v2\/media?parent=6208"}],"wp:term":[{"taxonomy":"media-category","embeddable":true,"href":"https:\/\/sjpf.certtechweb.com\/fr\/wp-json\/wp\/v2\/media-category?post=6208"}],"curies":[{"name":"wp","href":"https:\/\/api.w.org\/{rel}","templated":true}]}}

(MISE À JOUR 3) Mandat de perquisition exécuté &#8211; rue Alma Est

<p><strong>Mise à jour 3: 11 décembre 2023, 15 h 23</strong></p>



<p><strong>Le jeudi 7 décembre 2023, vers 11 h 14, la police de Saint John a répondu à un rapport selon lequel des personnes armées étaient entrées dans une résidence du bloc 100 de la rue Alma, près de l&rsquo;intersection de l&rsquo;avenue Park.</strong></p>



<p><strong>Il a été rapporté que:</strong></p>



<p><strong>Deux hommes auraient été vus sortant d&rsquo;une BMW et entrant dans la résidence avec ce qui a été décrit comme un long fusil et une arme de poing.</strong></p>



<p><strong>D&rsquo;après les informations dont disposent les officiers, la sécurité des officiers et du public est menacée.</strong></p>



<p><strong>En conséquence, la résidence a été confinée jusqu&rsquo;à ce que les services tactiques d&rsquo;urgence et les négociateurs puissent faire sortir les occupants de la maison en toute sécurité, en attendant un mandat de perquisition.</strong></p>



<p><strong>Quatre personnes ont été arrêtées pour possession d&rsquo;armes dans un but dangereux. Trois d&rsquo;entre elles ont été relâchées sans inculpation dans l&rsquo;attente d&rsquo;un complément d&rsquo;enquête. Un homme de 35 ans a été placé en garde à vue en vertu d&rsquo;un mandat d&rsquo;arrêt non exécuté pour défaut de comparution, agression causant des lésions corporelles et manquement aux conditions de la probation.</strong></p>



<p><strong>Le vendredi 8 décembre 2023, l&rsquo;unité des crimes majeurs a exécuté un mandat de perquisition dans la résidence. Au cours de la perquisition, trois armes de poing factices, un fusil factice et des munitions de calibre 22 ont été saisis. L&rsquo;enquête se poursuit.</strong></p>



<p>&#8230;&#8230;&#8230;&#8230;&#8230;&#8230;&#8230;&#8230;&#8230;&#8230;&#8230;&#8230;&#8230;&#8230;&#8230;&#8230;&#8230;&#8230;&#8230;&#8230;&#8230;&#8230;&#8230;&#8230;.</p>



<p>MISE À JOUR: 2023-12-07 @ 15h 46<br><br>La police a arrêté quatre personnes de la résidence pour des infractions liées aux armes. Le secteur a été jugé sécuritaire.</p>



<p>Les résidents des environs ne sont plus tenus de s&rsquo;abriter sur place. Toutes les rues sont désormais ouvertes à la circulation.</p>



<p>L&rsquo;unité des crimes majeurs poursuit son enquête. D&rsquo;autres détails suivront.</p>



<p>Toute personne ayant des renseignements est priée de communiquer avec la police au 506-648-3333.</p>



<p>La police de Saint John tient à remercier le public de sa patience et de sa coopération.</p>



<p>&#8230;&#8230;&#8230;&#8230;&#8230;&#8230;&#8230;&#8230;&#8230;&#8230;&#8230;&#8230;&#8230;&#8230;&#8230;&#8230;&#8230;&#8230;&#8230;&#8230;&#8230;&#8230;&#8230;&#8230;&#8230;..</p>



<p>MISE À JOUR: 2023-12-07 @ 15h 04</p>



<p>L&rsquo;opération policière est toujours en cours. Les membres des services tactiques d&rsquo;urgence et des services de patrouille ont réussi à contenir la résidence. Les négociateurs communiquent avec les personnes à l&rsquo;intérieur de la résidence.</p>



<p>Avenue Park est désormais fermée à la circulation entre rue Bellevue et rue Beacon. Les résidents de cette zone sont priés de se mettre à l&rsquo;abri.</p>



<p>Veuillez éviter cette zone.</p>



<p>&#8230;&#8230;&#8230;&#8230;&#8230;&#8230;&#8230;&#8230;&#8230;&#8230;&#8230;&#8230;&#8230;&#8230;.</p>



<p>La police est sur place pour enquêter sur un rapport selon lequel des personnes armées sont entrées dans une résidence dans le bloc 100 de la rue Alma, près de l&rsquo;intersection de l&rsquo;avenue Park. Veuillez éviter la zone.</p>



<p>La résidence a été circonscrite par les officiers. Les habitants des environs sont priés de se mettre à l&rsquo;abri.</p>



<p>La situation ne répond pas aux critères d&rsquo;alerte pour le moment.</p>



<p>D&rsquo;autres informations suivront.</p>



<p>Toute personne ayant des renseignements à cet égard est priée de communiquer avec la police de Saint John au 1-506-648-3333 ou, si elle souhaite garder l&rsquo;anonymat, avec Échec au crime au 1-800-222-8477 ou au 1-800-222-T.I.P.S.</p>
