{"id":5590,"date":"2023-07-21T09:59:46","date_gmt":"2023-07-21T12:59:46","guid":{"rendered":"https:\/\/saintjohnpolice.ca\/media-release\/arrests-in-drug-trafficking-investigation-project-volcano\/"},"modified":"2023-07-21T10:04:08","modified_gmt":"2023-07-21T13:04:08","slug":"arrests-in-drug-trafficking-investigation-project-volcano","status":"publish","type":"media-release","link":"https:\/\/sjpf.certtechweb.com\/fr\/media-release\/arrests-in-drug-trafficking-investigation-project-volcano\/","title":{"rendered":"Arrestations dans le cadre d&rsquo;une enqu\u00eate sur le trafic de drogue &#8211; Project Volcano"},"content":{"rendered":"\n<figure class=\"wp-block-image size-full\"><img decoding=\"async\" width=\"252\" height=\"189\" src=\"https:\/\/sjpf.certtechweb.com\/wp-content\/uploads\/2023\/07\/23-2905.jpg\" alt=\"\" class=\"wp-image-5588\"\/><\/figure>\n\n\n\n<p>Dossier: 23-2905<\/p>\n\n\n\n<p>Le Groupe int\u00e9gr\u00e9 de lutte contre les crimes de rue de la police de Saint John a proc\u00e9d\u00e9 \u00e0 trois arrestations dans le cadre d&rsquo;une enqu\u00eate en cours sur le trafic de stup\u00e9fiants, le projet Volcano.<\/p>\n\n\n\n<p>Le projet Volcano a d\u00e9but\u00e9 en mai 2023 et portait sur le trafic de coca\u00efne.<\/p>\n\n\n\n<p>Le jeudi 20 juillet 2023, vers 9h30, deux hommes \u00e2g\u00e9s de 46 et 31 ans et une femme de 40 ans ont \u00e9t\u00e9 arr\u00eat\u00e9s pour diverses accusations li\u00e9es au trafic de stup\u00e9fiants.<\/p>\n\n\n\n<p>Apr\u00e8s leur arrestation, des mandats de perquisition ont \u00e9t\u00e9 ex\u00e9cut\u00e9s \u00e0 trois endroits \u00e0 Saint John. Au total, les \u00e9l\u00e9ments de preuve suivants ont \u00e9t\u00e9 saisis<\/p>\n\n\n\n<p>Environ 25 000,00 $ en monnaie canadienne<\/p>\n\n\n\n<p>Environ 200 grammes de coca\u00efne<\/p>\n\n\n\n<p>Environ 200 pilules diverses<\/p>\n\n\n\n<p>La valeur totale approximative des drogues saisies est de 20 000,00 $.<\/p>\n\n\n\n<p>Les trois accus\u00e9s ont \u00e9t\u00e9 plac\u00e9s en garde \u00e0 vue et doivent compara\u00eetre devant le tribunal le vendredi 21 juillet 2023.<\/p>\n\n\n\n<p>Le Groupe int\u00e9gr\u00e9 de la police (GIC) est actuellement compos\u00e9 d&rsquo;agents de la police de Saint John, de la police r\u00e9gionale de Kennebecasis, du minist\u00e8re de la Justice et de la S\u00e9curit\u00e9 publique du Nouveau-Brunswick et de la Gendarmerie royale du Canada.<\/p>\n\n\n\n<p>Ensemble, une communaut\u00e9 s\u00fbre, s\u00e9curis\u00e9e et saine<\/p>\n","protected":false},"author":3,"featured_media":0,"template":"","media-category":[],"class_list":["post-5590","media-release","type-media-release","status-publish","hentry"],"publishpress_future_action":{"enabled":false,"date":"2026-05-10 09:44:39","action":"change-status","newStatus":"draft","terms":[],"taxonomy":"media-category","extraData":[]},"publishpress_future_workflow_manual_trigger":{"enabledWorkflows":[]},"_links":{"self":[{"href":"https:\/\/sjpf.certtechweb.com\/fr\/wp-json\/wp\/v2\/media-release\/5590","targetHints":{"allow":["GET"]}}],"collection":[{"href":"https:\/\/sjpf.certtechweb.com\/fr\/wp-json\/wp\/v2\/media-release"}],"about":[{"href":"https:\/\/sjpf.certtechweb.com\/fr\/wp-json\/wp\/v2\/types\/media-release"}],"author":[{"embeddable":true,"href":"https:\/\/sjpf.certtechweb.com\/fr\/wp-json\/wp\/v2\/users\/3"}],"wp:attachment":[{"href":"https:\/\/sjpf.certtechweb.com\/fr\/wp-json\/wp\/v2\/media?parent=5590"}],"wp:term":[{"taxonomy":"media-category","embeddable":true,"href":"https:\/\/sjpf.certtechweb.com\/fr\/wp-json\/wp\/v2\/media-category?post=5590"}],"curies":[{"name":"wp","href":"https:\/\/api.w.org\/{rel}","templated":true}]}}

Arrestations dans le cadre d&rsquo;une enquête sur le trafic de drogue &#8211; Project Volcano

<figure class="wp-block-image size-full"><img decoding="async" width="252" height="189" src="https://sjpf.certtechweb.com/wp-content/uploads/2023/07/23-2905.jpg" alt="" class="wp-image-5588"/></figure>



<p>Dossier: 23-2905</p>



<p>Le Groupe intégré de lutte contre les crimes de rue de la police de Saint John a procédé à trois arrestations dans le cadre d&rsquo;une enquête en cours sur le trafic de stupéfiants, le projet Volcano.</p>



<p>Le projet Volcano a débuté en mai 2023 et portait sur le trafic de cocaïne.</p>



<p>Le jeudi 20 juillet 2023, vers 9h30, deux hommes âgés de 46 et 31 ans et une femme de 40 ans ont été arrêtés pour diverses accusations liées au trafic de stupéfiants.</p>



<p>Après leur arrestation, des mandats de perquisition ont été exécutés à trois endroits à Saint John. Au total, les éléments de preuve suivants ont été saisis</p>



<p>Environ 25 000,00 $ en monnaie canadienne</p>



<p>Environ 200 grammes de cocaïne</p>



<p>Environ 200 pilules diverses</p>



<p>La valeur totale approximative des drogues saisies est de 20 000,00 $.</p>



<p>Les trois accusés ont été placés en garde à vue et doivent comparaître devant le tribunal le vendredi 21 juillet 2023.</p>



<p>Le Groupe intégré de la police (GIC) est actuellement composé d&rsquo;agents de la police de Saint John, de la police régionale de Kennebecasis, du ministère de la Justice et de la Sécurité publique du Nouveau-Brunswick et de la Gendarmerie royale du Canada.</p>



<p>Ensemble, une communauté sûre, sécurisée et saine</p>
